 6*z(c). Determine j(10).
40
Let v(i) = 10*i**2 + 274 - 281 - 9*i**2 - 2*i + 9*i. Calculate v(-6).
-13
Let o be 1*-1 + (-16 + 8 - -5). Let g(m) be the second derivative of m**4/12 + m**3 + 3*m**2 - 8*m. Determine g(o).
-2
Suppose -4*k - 4*h - 30 = h, -h = 2. Let s(i) = -4*i**3 + i**2. Let p(g) = -3*g**3 + g**2. Let m(c) = k*s(c) + 6*p(c). Determine m(-1).
-1
Let w(y) = y + 10. Let p be (3/(-5))/(6/(-120)). Suppose -2 = 2*r + p. Give w(r).
3
Let b = 69 + -68. Let r(i) = 643*i**2 + b - 639*i**2 - 2*i - i**3 + 0. Determine r(3).
4
Let q(b) = -b**3 + 4*b**2 + 5*b + 6. Suppose 2*c + 10 = 0, 19*c - 16*c + 40 = 5*l. Determine q(l).
6
Let v(l) = 6*l**3 - 18*l**2 + 6*l - 1. Let m(x) = x**3 - 2*x**2 + x + 1. Let i(p) = 7*m(p) - v(p). Calculate i(-4).
4
Let x(m) = 4 + 31*m + 31*m - 63*m. Give x(8).
-4
Let n(q) be the third derivative of q**4/12 - q**3 - 34*q**2 - 2*q. What is n(5)?
4
Let g(v) = 21*v + 1. Suppose -10*m + 5*m + 5 = 0. Determine g(m).
22
Suppose 0 = -110*f + 129*f + 95. Let w(t) = t**2 + 6*t + 11. Calculate w(f).
6
Let m(r) = -r**2 + 29*r + 65. Let q be m(31). Let c(p) = -p**3 + 3*p**2 + p - 4. Determine c(q).
-1
Let z be (-4)/(16/44) - (8 - 10). Let j(t) = t**2 + 7*t - 8. Give j(z).
10
Let y(k) = 3*k + 4. Suppose 3 = 2*d + 4*m + 5, 0 = -d + m - 4. What is y(d)?
-5
Let t(q) = -q**2 + q - 2. Let u(m) = -2*m**2 + 2*m - 4. Let v = -9 + 7. Let s(l) = v*u(l) + 5*t(l). Let g(d) be the first derivative of s(d). Give g(1).
-1
Let a = 11 + -16. Let r(p) be the first derivative of p**3/3 + p**2 + 2*p - 389. Give r(a).
17
Let h(a) = -5*a**2 + 8*a + 11. Let p(i) = -3*i**2 + 6*i + 6. Let v(t) = -5*h(t) + 8*p(t). What is v(-5)?
-22
Let q(c) = c**2 + 7*c + 11. Let o be q(-4). Let s be (o + -1*15/(-5))/(-1). Let n(y) = y + 1. Let h(b) = -4*b + 2. Let g(m) = -h(m) + 3*n(m). What is g(s)?
-13
Let o(q) = -q - 1. Let x be 1*(-6 + 1 + -1). Let u(g) = -15*g. Let y(h) = -5*h + 1. Let r(s) = u(s) - 2*y(s). Let l(b) = x*o(b) + r(b). Determine l(0).
4
Let l(f) be the first derivative of 4*f**2 + 2. Let i be ((-2)/16*4)/((-1)/(-2)). What is l(i)?
-8
Let m(p) be the third derivative of -1/120*p**6 + 0 - 1/12*p**4 + 0*p**3 + 1/30*p**5 + 13*p**2 + 0*p. What is m(2)?
-4
Let v = -5 + 3. Suppose 2*l + l = u - 7, 2*u - l = 4. Let a(b) = -2*b - 3*b + 4*b + 6*b - u. Give a(v).
-11
Let v = 1 - -2. Let j(n) be the first derivative of -n**2 + 4*n + 329. Give j(v).
-2
Let l(f) = f**2 - 46*f + 47. Let o be l(1). Let h(r) = 7*r - 5. What is h(o)?
9
Let y(n) = n**2 - 2*n - 3. Let p(s) be the second derivative of -s**2/2 + s - 3. Let g(l) = 6*p(l) - y(l). Give g(-3).
-18
Suppose 4*p - 4 = p + 5*m, 0 = -3*p - 5*m + 14. Let z(a) = -9*a - p + a + 17*a - 5*a. Let t(g) = 3*g**2 - g. Let o be t(1). What is z(o)?
5
Let l = -49 + 53. Let y(q) = -47*q + l + 89*q - 13 - 41*q. What is y(6)?
-3
Let w(d) be the first derivative of d**5/20 + d**4/6 + d**2/2 - d - 1. Let g(s) be the first derivative of w(s). Let z = 1698 - 1701. What is g(z)?
-8
Let h(l) = -l**3 - 5*l**2 - l + 4. Suppose -o - 16 + 2 = 0. Let b = o - -2. Let y = b + 8. Give h(y).
-8
Let v(u) = -u - 1. Let h(a) = -2*a + 2. Let r(x) = -h(x) + 3*v(x). What is r(-9)?
4
Let r be -2 + 3 + (-5 + 5 - -5). Suppose r*s - 35 = 13*s. Let x(c) = c**3 + 5*c**2 - 3*c - 7. Give x(s).
8
Let h = -130 - -139. Suppose -7 - h = 2*d + 2*w, -3*d = 4*w + 22. Let q(t) = t + 4. Determine q(d).
-6
Suppose n + 4*b = 2*b - 15, 0 = -4*n + 5*b - 47. Let d be -2 + 0 - 7/(35/(-60)). Let z = d + n. Let x(h) = 2*h + 3. Determine x(z).
-3
Let f(v) = -v**2 - 1. Let g be f(1). Let r(q) = 1 - 223*q + 116*q + 118*q. Determine r(g).
-21
Suppose 3*i + j + 13 = 0, 3 - 15 = 4*i - 4*j. Let t be (0 - i - 4)*1. Let g(k) be the second derivative of k**5/20 + k**4/12 - k**2/2 - 7*k. Determine g(t).
-1
Let t(u) = -u**3 - u + 1. Let r(x) = 15*x - 22*x + 8*x + 1. Let p be r(2). Suppose -4 = -d + 3*v, 2*v = 5*d - p*v. What is t(d)?
11
Let c = 117 - 116. Let i(d) be the first derivative of -3*d + 1/2*d**2 + 0*d**3 - c - 1/4*d**4. Determine i(0).
-3
Let y(d) = -13*d - 43. Let c(m) = 19*m + 62. Let w(p) = -5*c(p) - 7*y(p). What is w(-5)?
11
Let s(f) = f**3 - 9*f**2 + 8*f + 2. Suppose 0 = -3*h - 15, -2*h + 6 = -2*n + 4*n. What is s(n)?
2
Let i(q) = -4*q + 859 - 868 + q. What is i(-8)?
15
Let f(p) = p**2 + 2*p**2 - 117066 - p + 117062. What is f(-2)?
10
Let u be ((-6)/(-4))/((3/2)/3). Let c(a) = a**3 - a**2 + a + 1. Let d(z) = 7*z**3 - 10*z**2 + 9*z + 8. Let h = 2 - -4. Let n(l) = h*c(l) - d(l). Give n(u).
-2
Let o(b) = 4*b**2 + 31*b. Let q(m) = 3*m**2 + 21*m. Let p(w) = -5*o(w) + 7*q(w). Suppose s - 136 = -16*s. Determine p(s).
0
Let a(v) be the third derivative of v**4/24 + v**3/3 - 39*v**2. Calculate a(-6).
-4
Let m = 32 - 29. Let s(g) = -g**2 + 6*g + 7. Let l be s(7). Suppose -m*a + 4*a - 3 = l. Let q(n) = -n**3 + 2*n**2 + 5*n - 3. Give q(a).
3
Suppose -71*i - 20 = 51. Let s(c) = 4*c + 3. Determine s(i).
-1
Let w(d) = d + 13. Suppose -3*i = -5*z - 101, 0 = 4*z - 7*z - i - 55. Determine w(z).
-6
Suppose 0 = 10*l + 10 - 50. Let u(g) = 39 - 27 - g**2 + 3*g - l*g. Calculate u(0).
12
Let j(o) be the third derivative of 9*o**4/8 + 7*o**3/6 - 1079*o**2. Give j(-2).
-47
Let v be -2 + 1 + (-12)/(-3). Let i(c) = c**2 - 4*c + 3. Let x be i(1). Suppose -w + 4*r = 20, x = r - v*r + 8. Let l(m) = -m - 6. Give l(w).
-2
Let g(t) = -t**3 + 2*t**2 - 5*t + 5. Let n = 607 - 605. Determine g(n).
-5
Let c(g) = 3*g + 14. Let q be 0 - (2 - (-66)/6) - -2. Determine c(q).
-19
Let s(d) = 7*d**3 - 6*d**2 - 3*d - 6. Let z(t) = 12*t**3 - 12*t**2 - 6*t - 10. Let u(h) = 7*s(h) - 4*z(h). Let k(a) = -2*a + 6. Let j be k(5). Give u(j).
18
Suppose 4*s - 4*j - 9 = 7, -5*s = j - 20. Let k(n) be the second derivative of -n**5/20 + n**4/4 + n**3 - n**2 - 28*n. What is k(s)?
6
Let j(a) = a**2 + 10*a + 6. Let s be j(-10). Let q(m) = 1 + 12 + 11*m + 8*m - 20*m. Calculate q(s).
7
Let n = -660 + 660. Let g(t) be the first derivative of t**6/360 - t**4/8 + t**3/3 - 1. Let k(u) be the third derivative of g(u). Give k(n).
-3
Let z be -2*3/4*-2. Suppose 4*r - 28 = -0. Let f(c) = -c**3 - r*c - 8*c - z*c**2 + 12*c + 3. What is f(-3)?
12
Let a(d) be the first derivative of d**2/2 + 3*d - 91. Determine a(3).
6
Let h be 17/102*30 - 1*10. Let s(g) = 2*g**2 + 2*g - 4. Determine s(h).
36
Let m(w) be the second derivative of w**4/12 - 5*w**2/2 + 2*w - 223. Give m(2).
-1
Suppose i - 6*g = -g - 28, -22 = 4*i - 2*g. Let o(v) = v**3 + v**2 + v + 4. Calculate o(i).
-17
Let r = -784 - -780. Let n(m) = -4 - 5*m + 4*m**2 - 3*m**2 + 10*m. Determine n(r).
-8
Let o(m) be the second derivative of -m**3/6 + 4*m**2 - 347*m. What is o(4)?
4
Let y(r) = -5*r**3 - r + 1. Suppose 2*q = z - 10, -4*z + 10 = -q - z. Let d = q - -6. Let b = 3 - d. Give y(b).
-5
Let c(q) = 2*q - 5. Suppose -i + 5*v + 4 + 13 = 0, 5*v + 7 = -4*i. Suppose -m + i*m - 4 = 0. Suppose 0 = -m*g + 8*g - 24. Determine c(g).
7
Let v(f) = -3*f**3 - 3*f**2 - 9. Let i(z) = -7*z**3 - 7*z**2 - 17. Let o(a) = 4*i(a) - 9*v(a). What is o(0)?
13
Let h(k) = -2*k**3 - k**2 - k - 3. Suppose -2*u + c + 1 = 0, 0 = 163*c - 167*c - 4. Determine h(u).
-3
Let l be -2 - -1 - (-15)/3. Suppose 4*x - 12 = 5*t, 8*x - l*x = -2*t + 12. Let w(f) = -x*f - 3*f + 3*f + 2*f. Give w(-5).
5
Let i be (0 + 0)*9/(-18). Let h(m) be the second derivative of 0*m**4 + 0*m**3 - 1/4*m**5 - 7*m + i + 0*m**2. Determine h(-1).
5
Suppose -n = -4*d - 13, 3*d + 13 = 2*n - 3. Let m(a) = 1. Suppose 0 = -v - 4*v - 5. Let u(p) = -p + 3. Let t(x) = v*u(x) + 4*m(x). Calculate t(n).
6
Let q(i) = i**3 + 6*i**2 + 4*i + 1. Let n(s) = 3*s**3 + 12*s**2 - 2*s - 2. Let j be n(-4). Let y be 8/(-2) + 3/j*-4. What is q(y)?
-23
Suppose 5*i = 3*y + y - 34, -4*y = 4*i + 56. Let l(j) = -j**3 - 9*j**2 + 12*j + 5. Calculate l(i).
-15
Let i(m) = -m**3 - 2*m**2 + 4*m + 6. Let q(p) = 2*p**2 - 6*p - 3. Let k be q(3). Let n be i(k). Let z(w) = w**3 + w**2 - 24*w + 23*w - 9*w**n. Determine z(1).
-8
Let j be (-2 + 4 + -2)/1. Let l(a) be the second derivative of a**4/12 - a**3/6 + a**2/2 - 54*a. Determine l(j).
1
Suppose 0*v - 35 = -4*i + 3*v, 3*i + 5*v - 19 = 0. Let u = 13 - i. Let p(w) = w**3 - 4*w + u*w**2 - w**3 - 2*w + w**3 - 6. Determine p(-6).
-6
Let y(b) = 3 + 0 + b + 5. Let n be (24/12)/(4/(-8)). Determine y(n).
4
Let x(z) = z**3 + 6*z**2 - 8*z - 44. Suppo